remainder when v is divided by 4?
3
Suppose 4*g + 3*c - 23 = 4*c, -3*g - 5*c + 23 = 0. Calculate the remainder when 23 is divided by g.
5
Let t(r) = -r**3 + r**2 - r + 1. Let l be t(-3). Suppose 32 = 4*i - l. Suppose 68 = 2*d - h, -3*h - 34 = -d - 4*h. What is the remainder when d is divided by i?
16
Let p(l) = 4*l + 1. Let k be p(3). Let h = k - 7. Calculate the remainder when h is divided by 5.
1
Let i = -9 + 15. Calculate the remainder when i is divided by 3.
0
What is the remainder when (-2)/15 - (-9050)/375 is divided by 10?
4
Suppose 0 = -0*u - 3*u - 15. Let m be (-21)/30*2*u. Let t = -3 + m. What is the remainder when 10 is divided by t?
2
Suppose -3*q - 3 = -48. Let z(y) = -2*y + 2. What is the remainder when q is divided by z(-2)?
3
Suppose 3*b - 28 - 32 = 0. Suppose 2*p + p = 21. What is the remainder when b is divided by p?
6
Let g be (4 - (2 - 4))/2. Suppose 5*t - g*t = 78. Calculate the remainder when t is divided by 14.
11
What is the remainder when 91 is divided by (-1*(-62)/(-4))/(10/(-20))?
29
Let b = -21 - -34. Suppose -2*v + m + 102 = 0, -4*v = -0*v + m - 198. Calculate the remainder when v is divided by b.
11
Let n(s) be the first derivative of s**2/2 + 10*s + 7. Calculate the remainder when n(8) is divided by 10.
8
What is the remainder when -45*3*1/(-9) is divided by 9?
6
Let p(v) = v**3 + 6*v**2 + v + 6. Let a be p(-6). Suppose a = r - 8 - 82. Calculate the remainder when r is divided by 23.
21
Suppose -2*z = -3*v + 124, -5*v + 129 = -2*v + 3*z. Calculate the remainder when v is divided by 22.
20
Suppose h - 4*h + 59 = 5*n, n - h = 15. What is the remainder when 37 is divided by n?
11
Let l(v) = 8*v - 7. What is the remainder when l(5) is divided by 18?
15
Suppose 3*j + 0*j = 42. Let k be (-9)/4*(-5 + 1). What is the remainder when ((-52)/6)/((-3)/k) is divided by j?
12
Calculate the remainder when 33 is divided by ((-27)/6)/((-8)/16).
6
Let n(h) be the second derivative of 0*h**4 + 1/20*h**5 + 1/6*h**3 + 0 + 6*h**2 - 2*h. Calculate the remainder when 35 is divided by n(0).
11
Suppose -4 - 4 = -p. What is the remainder when 1/4 + 166/p is divided by (-2)/(-2) + 8 + 2?
10
Let f(s) = -s**2 + 8*s + 6. Let m(r) = -r**2 + 6*r + 2. Let b be m(5). Let j(y) = -y + 11. What is the remainder when f(b) is divided by j(6)?
3
Suppose 2*d + d = 75. Let u = 15 - 10. Suppose 38 = p - 2*y, -d = p + u*y - 84. What is the remainder when p is divided by 15?
14
Suppose 0 = 37*l - 36*l - 23. What is the remainder when 89 + 1/(0 - -1) is divided by l?
21
Let j(w) = 62*w + 2. Let g be j(4). Suppose -4*x = x - g. What is the remainder when x is divided by 17?
16
Let v = 36 + -13. Let u = 5 + -5. Suppose -i + 3*d + 19 = -u*d, 4*i - 58 = 3*d. Calculate the remainder when v is divided by i.
10
Let z = 19 - -9. Suppose 0 = 3*c - 11 - z. Let i = 22 + -15. What is the remainder when c is divided by i?
6
Let m = 21 - -1. Calculate the remainder when 63 is divided by m.
19
Suppose 0*o = 2*o - 5*x + 740, 5*x - 1115 = 3*o. Let k = 1175 + o. Calculate the remainder when k/36 - (-4)/(-18) is divided by 12.
10
Suppose -130 = -4*b + 3*p, 3*b - 87 - 8 = p. Suppose -2*o - g + 33 = 0, 5*g + 1 + 10 = o. Suppose o = -f + 2*f. Calculate the remainder when b is divided by f.
15
Let i(d) = d**2 - 2*d - 12. Let l be i(-10). Suppose -5*o - 3*m = -l, 6*o - m = 5*o + 28. Calculate the remainder when o is divided by 9.
6
Suppose -5*z - 50 = -130. Let h(k) = -10*k - 3. Let f(s) = -5*s - 1. Let c(i) = -14*f(i) + 6*h(i). What is the remainder when c(5) is divided by z?
14
Let y(q) = q**3 - 11*q**2 + 3*q - 21. Calculate the remainder when 94 is divided by y(11).
10
Suppose 0 = 2*s + s - 189. Suppose -2*j = j - s. Suppose -2*c = -o + 6*o + 19, 2*c - 3*o = j. Calculate the remainder when 9 is divided by c.
0
Let q = -14 - -26. Calculate the remainder when 93 is divided by q.
9
Let l(c) = c**3 + 6*c**2 + 5*c + 5. Let g be l(-5). Let a = 583 - 373. Suppose -a = -g*z - 10. What is the remainder when z is divided by 14?
12
Let x = -25 + 18. Let v = x - -31. Calculate the remainder when 70 is divided by v.
22
Suppose 0 = -10*x + 19 + 1. Suppose -4*b + 22 = 2*m, -2*b + 3*b + 4*m = 16. Calculate the remainder when b is divided by x.
0
Suppose -2*n + 6 = -n. Suppose -5*v - 42 = -2*b, 0 = -2*b + n*b + 16. Calculate the remainder when (-1*2)/(v/265) is divided by 14.
11
Let v = -82 + 115. What is the remainder when v is divided by 12?
9
Suppose -m = 2*v - 7, 5*m - v + 4 = 6*m. Let y = 1 + m. Suppose -35 = -2*i + 3*d, i + y*i + 2*d = 72. What is the remainder when i is divided by 12?
10
Let h(i) = -10*i + 1. What is the remainder when 81 is divided by h(-2)?
18
Let n be -3 - 0/(1 - 0). Let i = 35 - 13. Calculate the remainder when (n + 0)*128/(-6) is divided by i.
20
Let l = 20 - 10. Calculate the remainder when l is divided by 4.
2
Calculate the remainder when (108/8 - 4)/((-1)/(-2)) is divided by 10.
9
Suppose 4*q + 0 = 8. Suppose 0 = x - q*h + h - 13, -3*h + 66 = 4*x. Calculate the remainder when 28 is divided by x.
13
Suppose -595 = -2*u - 3*m + 144, 4*u - 5*m = 1533. Calculate the remainder when u is divided by 38.
35
Let z = -20 - -12. Let l = -3 - z. What is the remainder when 19 is divided by l?
4
Suppose -2*l = -4*l + 76. What is the remainder when l is divided by 10?
8
Suppose -5*a + 0*r + 5*r = -115, -2*r - 103 = -5*a. Let b(h) be the first derivative of -h**3/3 + 5*h + 2. Calculate the remainder when a is divided by b(0).
4
Let a = -65 - -137. Calculate the remainder when a is divided by 19.
15
Suppose 465 = -3*n - u, 2*n + 10 + 290 = -4*u. Let q = -81 - n. What is the remainder when q is divided by 19?
18
Let i = 167 + -112. Calculate the remainder when i is divided by 15.
10
What is the remainder when 1 is divided by -8 + 11 + (-1 - 1)?
0
Let m(j) = 3*j**2 - 3*j + 7. Calculate the remainder when m(-4) is divided by 14.
11
Suppose -v + 60 = 4*v. What is the remainder when 35 is divided by v?
11
Let x(y) = -2*y**2 + 2 - y + 0*y**3 - y**3 + 0*y**2 + 3*y**2. What is the remainder when x(0) is divided by 2?
0
Suppose 36 = 5*p - 2*p. Let b = -65 + 99. Calculate the remainder when b is divided by p.
10
What is the remainder when 254/(-3)*21/(-14) is divided by 35?
22
Suppose 2*v - 57 = -a, -6*a - 241 = -11*a + v. Suppose -33*o + 344 + 217 = 0. What is the remainder when a is divided by o?
15
Calculate the remainder when 9/(-21) + (-2220)/(-35) is divided by 32.
31
Let p(r) = -5*r**2 - 7*r + 9. Let y(l) = -3*l**2 - 4*l + 5. Let j(g) = 4*p(g) - 7*y(g). What is the remainder when 28 is divided by j(3)?
8
Let z = -48 + 114. Calculate the remainder when z is divided by 23.
20
Let t be (-654)/(-5) + 2/10. Let a = t + -92. What is the remainder when a is divided by 21?
18
Let h(m) = m**3 - 12*m**2 + 13*m + 8. Let y be h(11). What is the remainder when (-3 + 2)/((-3)/y) is divided by 6?
4
Let j be 4*4/((-48)/45). Suppose -5*q + 65 = 4*p, -8 = -4*q + 12. What is the remainder when p is divided by 10/4*(-24)/j?
2
Let b(o) = 3 - 4*o**2 - 5*o + o**2 + 4*o**2. Suppose 1 - 7 = -l. What is the remainder when 16 is divided by b(l)?
7
Let t = 69 - 65. Let x(w) = -w**2 + 7*w - 5. What is the remainder when x(5) is divided by t?
1
Let h = -86 - -139. Calculate the remainder when h is divided by 11.
9
Calculate the remainder when (-146)/(-4) + -2 - (-7)/(-14) is divided by 7.
6
Let y(c) = -10*c**2. Let t be y(-1). Suppose -26*n + 62 = -24*n. Calculate the remainder when n is divided by -1 - (t - (-2)/(-1)).
9
Let q(t) = -t**2 + 5*t + 3. Calculate the remainder when q(4) is divided by 4.
3
Suppose -4*x + 202 = 5*k, 5*k - 306 = -5*x - 51. Calculate the remainder when x is divided by (-136)/(-10) + (-4)/(-10).
11
Suppose z + 16 = 2*z. Calculate the remainder when z is divided by 10.
6
Suppose -13*j + 6*j + 245 = 0. Calculate the remainder when j is divided by 12.
11
Suppose y = -2*u, 5*u + 8 + 10 = 2*y. Calculate the remainder when y is divided by 4.
0
Let k(b) = -b**3 + 10*b**2 - 5*b - 13. Let r(u) = u**3 - 1. Let a(p) = k(p) + 2*r(p). What is the remainder when a(-10) is divided by 9?
8
Let c = -14 + 14. Suppose -2*y + 3*y = 14. Let u = c + y. What is the remainder when 39 is divided by u?
11
Let q = 19 - 10. Calculate the remainder when q is divided by 5.
4
Let m(b) = b + 1. Let d(j) = -4*j + 3. 